 ten millions digit of 65909445?
6
What is the hundred thousands digit of 218968922?
9
What is the millions digit of 309866148?
9
What is the ten thousands digit of 26953710?
5
What is the ten thousands digit of 171314807?
1
What is the ten thousands digit of 3532655434?
5
What is the billions digit of 7090799185?
7
What is the ten thousands digit of 27345967?
4
What is the ten millions digit of 26618913?
2
What is the millions digit of 71791996?
1
What is the hundred thousands digit of 41483566?
4
What is the ten millions digit of 108736625?
0
What is the millions digit of 177493881?
7
What is the units digit of 6784051918?
8
What is the hundred thousands digit of 3047715596?
7
What is the units digit of 675261951?
1
What is the thousands digit of 132144852?
4
What is the hundred millions digit of 129828336?
1
What is the hundred thousands digit of 132838400?
8
What is the thousands digit of 51091028?
1
What is the ten thousands digit of 3699642118?
4
What is the hundred thousands digit of 437249735?
2
What is the ten thousands digit of 5075590408?
9
What is the tens digit of 2945055340?
4
What is the hundred millions digit of 137646104?
1
What is the tens digit of 18011232?
3
What is the hundred thousands digit of 183673717?
6
What is the hundreds digit of 396225172?
1
What is the tens digit of 287618532?
3
What is the units digit of 610711513?
3
What is the millions digit of 20879745?
0
What is the thousands digit of 94137162?
7
What is the ten millions digit of 1493275256?
9
What is the units digit of 630558332?
2
What is the ten thousands digit of 35656200?
5
What is the tens digit of 466909528?
2
What is the ten thousands digit of 71008026?
0
What is the thousands digit of 689872917?
2
What is the ten millions digit of 1340664227?
4
What is the hundred thousands digit of 15375157?
3
What is the hundred millions digit of 438076521?
4
What is the hundred thousands digit of 2205519466?
5
What is the hundred millions digit of 326762151?
3
What is the hundred millions digit of 172429921?
1
What is the ten thousands digit of 148708229?
0
What is the units digit of 5334395095?
5
What is the tens digit of 2058368399?
9
What is the units digit of 83126068?
8
What is the ten thousands digit of 2769091023?
9
What is the ten thousands digit of 898132083?
3
What is the ten millions digit of 52600372?
5
What is the ten millions digit of 514086777?
1
What is the hundreds digit of 3614719550?
5
What is the hundred thousands digit of 1075667278?
6
What is the tens digit of 93653139?
3
What is the thousands digit of 1584024738?
4
What is the ten millions digit of 522075572?
2
What is the units digit of 194521940?
0
What is the hundreds digit of 52624358?
3
What is the hundred thousands digit of 180678888?
6
What is the millions digit of 1121614427?
1
What is the hundred thousands digit of 5914332477?
3
What is the ten thousands digit of 216443109?
4
What is the thousands digit of 193335587?
5
What is the hundreds digit of 85207154?
1
What is the thousands digit of 28346930?
6
What is the hundreds digit of 2143143750?
7
What is the thousands digit of 147522079?
2
What is the tens digit of 93645261?
6
What is the ten millions digit of 59761783?
5
What is the hundred millions digit of 154575870?
1
What is the units digit of 6714862?
2
What is the billions digit of 1651597412?
1
What is the tens digit of 169385392?
9
What is the hundred millions digit of 2786360718?
7
What is the hundred thousands digit of 122713879?
7
What is the hundred thousands digit of 1709855117?
8
What is the thousands digit of 1320724573?
4
What is the millions digit of 4510951790?
0
What is the ten millions digit of 743348114?
4
What is the ten thousands digit of 543090540?
9
What is the thousands digit of 103624765?
4
What is the billions digit of 1392553195?
1
What is the units digit of 353761150?
0
What is the thousands digit of 906990010?
0
What is the ten thousands digit of 1019956481?
5
What is the thousands digit of 587117475?
7
What is the ten millions digit of 2447885561?
4
What is the millions digit of 1688011213?
8
What is the ten thousands digit of 96928218?
2
What is the ten thousands digit of 274163390?
6
What is the thousands digit of 1256290404?
0
What is the tens digit of 286366439?
3
What is the ten thousands digit of 704731?
0
What is the millions digit of 4742244359?
2
What is the ten millions digit of 1596551337?
9
What is the ten thousands digit of 121428692?
2
What is the hundred millions digit of 783314741?
7
What is the ten millions digit of 158220430?
5
What is the millions digit of 64196019?
4
What is the tens digit of 6779169?
6
What is the ten millions digit of 104964205?
0
What is the thousands digit of 874543586?
3
What is the millions digit of 31566933?
1
What is the ten millions digit of 122565192?
2
What is the hundred millions digit of 276942417?
2
What is the tens digit of 66660406?
0
What is the hundred thousands digit of 5646453307?
4
What is the hundred thousands digit of 2197829?
1
What is the units digit of 264874727?
7
What is the units digit of 81140907?
7
What is the hundreds digit of 17678526?
5
What is the hundred thousands digit of 635013302?
0
What is the millions digit of 103012727?
3
What is the thousands digit of 109532835?
2
What is the millions digit of 18093973?
8
What is the ten millions digit of 116778134?
1
What is the hundreds digit of 1294995116?
1
What is the tens digit of 39566243?
4
What is the hundred thousands digit of 1551438836?
4
What is the millions digit of 797043047?
7
What is the ten millions digit of 1113988876?
1
What is the millions digit of 340323919?
0
What is the thousands digit of 747681506?
1
What is the hundred millions digit of 116568314?
1
What is the tens digit of 3427812213?
1
What is the ten thousands digit of 24086259?
8
What is the ten millions digit of 154762982?
5
What is the units digit of 67019218?
8
What is the ten millions digit of 1590712638?
9
What is the hundreds digit of 2288131878?
8
What is the hundred millions digit of 194418983?
1
What is the hundreds digit of 683371139?
1
What is the millions digit of 2034170946?
4
What is the ten millions digit of 169749893?
6
What is the tens digit of 2137775609?
0
What is the ten millions digit of 53821613?
5
What is the ten thousands digit of 73911377?
1
What is the thousands digit of 3658500715?
0
What is the units digit of 5285081?
1
What is the hundreds digit of 68342312?
3
What is the thousands digit of 117093012?
3
What is the hundred millions digit of 193627922?
1
What is the hundreds digit of 284657707?
7
What is the ten thousands digit of 25803540?
0
What is the hundreds digit of 22505700?
7
What is the ten thousands digit of 411638124?
3
What is the thousands digit of 1245106782?
6
What is the ten millions digit of 219843379?
1
What is the hundred thousands digit of 41915670?
9
What is the thousands digit of 63261918?
1
What is the millions digit of 19091584?
9
What is the hundreds digit of 5608535316?
3
What is the tens digit of 116684350?
5
What is the thousands digit of 184999522?
9
What is the millions digit of 83217024?
3
What is the millions digit of 384343601?
4
What is the units digit of 88078572?
2
What is the hundred thousands digit of 1261936417?
9
What is the billions digit of 1710712494?
1
What is the billions digit of 1487129315?
1
What is the hundreds digit of 2202841901?
9
What is the hundred thousands digit of 32133217?
1
What is the hundred thousands digit of 61227605?
2
What is the tens digit of 54405719?
1
What is the hundreds digit of 14530259?
2
What is the tens digit of 2334750385?
8
What is the tens digit of 6323395?
9
What is the ten thousands digit of 1966131?
6
What is the thousands digit of 485144182?
4
What is the ten thousands digit of 1336478047?
7
What is the millions digit of 2958684657?
8
What is the hundreds digit of 295009506?
5
What is the billions digit of 2356306031?
2
What is the millions digit of 81587223?
1
What is the ten thousands digit of 1916232?
1
What is the hundred thousands digit of 203605343?
6
What is the ten thousands digit of 55698217?
9
What is the thousands digit of 4448385137?
5
What is the units digit of 760311970?
0
What is the ten thousands digit of 164545988?
4
What is the